{"id":400,"date":"2022-11-15T16:41:25","date_gmt":"2022-11-15T15:41:25","guid":{"rendered":"http:\/\/dominiquepotard.com\/?page_id=400"},"modified":"2022-11-29T17:06:15","modified_gmt":"2022-11-29T16:06:15","slug":"le-regarde-de-clo-scolan-poete-auteur","status":"publish","type":"page","link":"https:\/\/dominiquepotard.com\/index.php\/le-regarde-de-clo-scolan-poete-auteur\/","title":{"rendered":"Clo scolan"},"content":{"rendered":"\n<p class=\"has-larger-font-size\">Le regarde de Clo scolan, Po\u00e8te, Auteur<\/p>\n\n\n<div class=\"wp-block-image\">\n<figure class=\"alignright size-thumbnail\"><img loading=\"lazy\" decoding=\"async\" width=\"150\" height=\"150\" src=\"https:\/\/dominiquepotard.com\/wp-content\/uploads\/2022\/11\/clo-scolan-150x150.png\" alt=\"\" class=\"wp-image-404\" srcset=\"https:\/\/dominiquepotard.com\/wp-content\/uploads\/2022\/11\/clo-scolan-150x150.png 150w, https:\/\/dominiquepotard.com\/wp-content\/uploads\/2022\/11\/clo-scolan-420x420.png 420w, https:\/\/dominiquepotard.com\/wp-content\/uploads\/2022\/11\/clo-scolan-100x100.png 100w\" sizes=\"auto, (max-width: 150px) 100vw, 150px\" \/><\/figure>\n<\/div>\n\n\n<p><strong>Empreintes<\/strong><br>&nbsp;<br>La lune&nbsp; le soleil la terre<br>Se donnent rendez-vous sur nos jambes guerri\u00e8res<br>Alors \u00e0 nous le monde nos r\u00eaves et nos lumi\u00e8res<br>&nbsp;<br>Il y a dans ces \u00e9toffes travaill\u00e9es par le temps<br>Une douceur invisible qui nous relie aux ans<br>L\u2019amour la joie la tendresse de l\u2019enfance<br>Qui en d\u00e9tient l\u2019\u00e9nigme<br>&nbsp;<br>V\u00eatements comme une doublure secr\u00e8te<br>Sur quelle peau avez-vous travers\u00e9 la saison<br>Sur quel imaginaire tricot\u00e9<br>Sur quel r\u00e9el ajour\u00e9 de r\u00eaves<br>Avez-vous parcouru les journ\u00e9es<br>&nbsp;<br>L\u2019oubliant<br>J\u2019ai voulu la douceur<br>Balanc\u00e9e par sa pr\u00e9carit\u00e9<br>L\u2019\u00e9tourdir de songes<br>Je l\u2019ai pos\u00e9 l\u00e0 sur le sol<br>Loin de la cruaut\u00e9 de l\u2019injustice du monde<br>Je l\u2019ai pos\u00e9 l\u00e0 sur le sol<br>Loin de la cruaut\u00e9 de l\u2019injustice du monde<br>L\u2019oubliant<br>J\u2019ai voulu la douceur<br>Balanc\u00e9e<br>Par sa pr\u00e9carit\u00e9<br>L&rsquo;\u00e9tourdir de songes<br>L\u2019all\u00e9ger des contraintes<br>J\u2019aurais voulu me poser l\u00e0 aussi<br>Le nez dans les \u00e9toiles<br>&nbsp;<br>Myst\u00e8re des corps qui les ont port\u00e9s<br>Robe l\u00e9g\u00e8re de nos journ\u00e9es d\u2019\u00e9t\u00e9<br>Comme un petit coquelicot<br>&nbsp;<br>Sur la trame de nos histoires<br>Nait une petite musique<br>Tu te souviens<br>Du vent le soir<br>Des balades sur les chemins pierreux<br>Ou la scolopendre et l\u2019ortie nous saluaient<br>Tu te souviens<br>Des chants des murmures&nbsp; des herbes folles<br>Caress\u00e9es par le vent d\u2019automne<br>Tu la laissais alors<br>La robe de princesse<br>Elle \u00e9tait trop l\u00e9g\u00e8re pour affronter la bise<br>Tu la regardais encore une derni\u00e8re fois<br>Commen\u00e7ait ainsi son hibernation<br>Ou les fleurs sur les robes ne sont plus de saisons<br>Elle hibernait toi aussi peut-\u00eatre<br>&nbsp;<br>Elle avance sur des notes de musique<br>Sur un rythme int\u00e9rieur elle balance<br>Elle croise des destins<br>Fredonne des refrains<br>Elle recoud l\u2019ourlet de nos chagrins<br>Elle est douce et l\u00e9g\u00e8re<br>Elle s\u2019appuie sur nos hanches<br>Dessine du bout des doigts la chaleur de nos seins<br>Elle triomphe de la morale<br>Elle d\u00e9couvre nos cuisses et notre ventre<br>Elle s\u2019ouvre coquine aux mains galantes<br>Elle s\u2019offre au monde en totem paien<\/p>\n","protected":false},"excerpt":{"rendered":"<p>Le regarde de Clo scolan, Po\u00e8te, Auteur Empreintes&nbsp;La lune&nbsp; le soleil la terreSe donnent rendez-vous sur nos jambes guerri\u00e8resAlors \u00e0 nous le monde nos r\u00eaves et nos lumi\u00e8res&nbsp;Il y a [&hellip;]<\/p>\n","protected":false},"author":1,"featured_media":403,"parent":0,"menu_order":0,"comment_status":"closed","ping_status":"closed","template":"","meta":{"_uag_custom_page_level_css":"","footnotes":""},"class_list":["post-400","page","type-page","status-publish","has-post-thumbnail","hentry"],"yoast_head":"<!-- This site is optimized with the Yoast SEO plugin v26.0 - https:\/\/yoast.com\/wordpress\/plugins\/seo\/ -->\n<title>Clo scolan -<\/title>\n<meta name=\"robots\" content=\"index, follow, max-snippet:-1, max-image-preview:large, max-video-preview:-1\" \/>\n<link rel=\"canonical\" href=\"https:\/\/dominiquepotard.com\/index.php\/le-regarde-de-clo-scolan-poete-auteur\/\" \/>\n<meta property=\"og:locale\" content=\"fr_FR\" \/>\n<meta property=\"og:type\" content=\"article\" \/>\n<meta property=\"og:title\" content=\"Clo scolan -\" \/>\n<meta property=\"og:description\" content=\"Le regarde de Clo scolan, Po\u00e8te, Auteur Empreintes&nbsp;La lune&nbsp; le soleil la terreSe donnent rendez-vous sur nos jambes guerri\u00e8resAlors \u00e0 nous le monde nos r\u00eaves et nos lumi\u00e8res&nbsp;Il y a [&hellip;]\" \/>\n<meta property=\"og:url\" content=\"https:\/\/dominiquepotard.com\/index.php\/le-regarde-de-clo-scolan-poete-auteur\/\" \/>\n<meta property=\"article:modified_time\" content=\"2022-11-29T16:06:15+00:00\" \/>\n<meta property=\"og:image\" content=\"https:\/\/dominiquepotard.com\/wp-content\/uploads\/2022\/11\/travaux-clo-scolan.jpg\" \/>\n\t<meta property=\"og:image:width\" content=\"2048\" \/>\n\t<meta property=\"og:image:height\" content=\"1065\" \/>\n\t<meta property=\"og:image:type\" content=\"image\/jpeg\" \/>\n<meta name=\"twitter:card\" content=\"summary_large_image\" \/>\n<meta name=\"twitter:label1\" content=\"Dur\u00e9e de lecture estim\u00e9e\" \/>\n\t<meta name=\"twitter:data1\" content=\"2 minutes\" \/>\n<script type=\"application\/ld+json\" class=\"yoast-schema-graph\">{\"@context\":\"https:\/\/schema.org\",\"@graph\":[{\"@type\":\"WebPage\",\"@id\":\"https:\/\/dominiquepotard.com\/index.php\/le-regarde-de-clo-scolan-poete-auteur\/\",\"url\":\"https:\/\/dominiquepotard.com\/index.php\/le-regarde-de-clo-scolan-poete-auteur\/\",\"name\":\"Clo scolan -\",\"isPartOf\":{\"@id\":\"https:\/\/dominiquepotard.com\/#website\"},\"primaryImageOfPage\":{\"@id\":\"https:\/\/dominiquepotard.com\/index.php\/le-regarde-de-clo-scolan-poete-auteur\/#primaryimage\"},\"image\":{\"@id\":\"https:\/\/dominiquepotard.com\/index.php\/le-regarde-de-clo-scolan-poete-auteur\/#primaryimage\"},\"thumbnailUrl\":\"https:\/\/dominiquepotard.com\/wp-content\/uploads\/2022\/11\/travaux-clo-scolan.jpg\",\"datePublished\":\"2022-11-15T15:41:25+00:00\",\"dateModified\":\"2022-11-29T16:06:15+00:00\",\"breadcrumb\":{\"@id\":\"https:\/\/dominiquepotard.com\/index.php\/le-regarde-de-clo-scolan-poete-auteur\/#breadcrumb\"},\"inLanguage\":\"fr-FR\",\"potentialAction\":[{\"@type\":\"ReadAction\",\"target\":[\"https:\/\/dominiquepotard.com\/index.php\/le-regarde-de-clo-scolan-poete-auteur\/\"]}]},{\"@type\":\"ImageObject\",\"inLanguage\":\"fr-FR\",\"@id\":\"https:\/\/dominiquepotard.com\/index.php\/le-regarde-de-clo-scolan-poete-auteur\/#primaryimage\",\"url\":\"https:\/\/dominiquepotard.com\/wp-content\/uploads\/2022\/11\/travaux-clo-scolan.jpg\",\"contentUrl\":\"https:\/\/dominiquepotard.com\/wp-content\/uploads\/2022\/11\/travaux-clo-scolan.jpg\",\"width\":2048,\"height\":1065},{\"@type\":\"BreadcrumbList\",\"@id\":\"https:\/\/dominiquepotard.com\/index.php\/le-regarde-de-clo-scolan-poete-auteur\/#breadcrumb\",\"itemListElement\":[{\"@type\":\"ListItem\",\"position\":1,\"name\":\"Accueil\",\"item\":\"https:\/\/dominiquepotard.com\/\"},{\"@type\":\"ListItem\",\"position\":2,\"name\":\"Clo scolan\"}]},{\"@type\":\"WebSite\",\"@id\":\"https:\/\/dominiquepotard.com\/#website\",\"url\":\"https:\/\/dominiquepotard.com\/\",\"name\":\"\",\"description\":\"Art textile contemporain\",\"potentialAction\":[{\"@type\":\"SearchAction\",\"target\":{\"@type\":\"EntryPoint\",\"urlTemplate\":\"https:\/\/dominiquepotard.com\/?s={search_term_string}\"},\"query-input\":{\"@type\":\"PropertyValueSpecification\",\"valueRequired\":true,\"valueName\":\"search_term_string\"}}],\"inLanguage\":\"fr-FR\"}]}<\/script>\n<!-- \/ Yoast SEO plugin. -->","yoast_head_json":{"title":"Clo scolan -","robots":{"index":"index","follow":"follow","max-snippet":"max-snippet:-1","max-image-preview":"max-image-preview:large","max-video-preview":"max-video-preview:-1"},"canonical":"https:\/\/dominiquepotard.com\/index.php\/le-regarde-de-clo-scolan-poete-auteur\/","og_locale":"fr_FR","og_type":"article","og_title":"Clo scolan -","og_description":"Le regarde de Clo scolan, Po\u00e8te, Auteur Empreintes&nbsp;La lune&nbsp; le soleil la terreSe donnent rendez-vous sur nos jambes guerri\u00e8resAlors \u00e0 nous le monde nos r\u00eaves et nos lumi\u00e8res&nbsp;Il y a [&hellip;]","og_url":"https:\/\/dominiquepotard.com\/index.php\/le-regarde-de-clo-scolan-poete-auteur\/","article_modified_time":"2022-11-29T16:06:15+00:00","og_image":[{"width":2048,"height":1065,"url":"https:\/\/dominiquepotard.com\/wp-content\/uploads\/2022\/11\/travaux-clo-scolan.jpg","type":"image\/jpeg"}],"twitter_card":"summary_large_image","twitter_misc":{"Dur\u00e9e de lecture estim\u00e9e":"2 minutes"},"schema":{"@context":"https:\/\/schema.org","@graph":[{"@type":"WebPage","@id":"https:\/\/dominiquepotard.com\/index.php\/le-regarde-de-clo-scolan-poete-auteur\/","url":"https:\/\/dominiquepotard.com\/index.php\/le-regarde-de-clo-scolan-poete-auteur\/","name":"Clo scolan -","isPartOf":{"@id":"https:\/\/dominiquepotard.com\/#website"},"primaryImageOfPage":{"@id":"https:\/\/dominiquepotard.com\/index.php\/le-regarde-de-clo-scolan-poete-auteur\/#primaryimage"},"image":{"@id":"https:\/\/dominiquepotard.com\/index.php\/le-regarde-de-clo-scolan-poete-auteur\/#primaryimage"},"thumbnailUrl":"https:\/\/dominiquepotard.com\/wp-content\/uploads\/2022\/11\/travaux-clo-scolan.jpg","datePublished":"2022-11-15T15:41:25+00:00","dateModified":"2022-11-29T16:06:15+00:00","breadcrumb":{"@id":"https:\/\/dominiquepotard.com\/index.php\/le-regarde-de-clo-scolan-poete-auteur\/#breadcrumb"},"inLanguage":"fr-FR","potentialAction":[{"@type":"ReadAction","target":["https:\/\/dominiquepotard.com\/index.php\/le-regarde-de-clo-scolan-poete-auteur\/"]}]},{"@type":"ImageObject","inLanguage":"fr-FR","@id":"https:\/\/dominiquepotard.com\/index.php\/le-regarde-de-clo-scolan-poete-auteur\/#primaryimage","url":"https:\/\/dominiquepotard.com\/wp-content\/uploads\/2022\/11\/travaux-clo-scolan.jpg","contentUrl":"https:\/\/dominiquepotard.com\/wp-content\/uploads\/2022\/11\/travaux-clo-scolan.jpg","width":2048,"height":1065},{"@type":"BreadcrumbList","@id":"https:\/\/dominiquepotard.com\/index.php\/le-regarde-de-clo-scolan-poete-auteur\/#breadcrumb","itemListElement":[{"@type":"ListItem","position":1,"name":"Accueil","item":"https:\/\/dominiquepotard.com\/"},{"@type":"ListItem","position":2,"name":"Clo scolan"}]},{"@type":"WebSite","@id":"https:\/\/dominiquepotard.com\/#website","url":"https:\/\/dominiquepotard.com\/","name":"","description":"Art textile contemporain","potentialAction":[{"@type":"SearchAction","target":{"@type":"EntryPoint","urlTemplate":"https:\/\/dominiquepotard.com\/?s={search_term_string}"},"query-input":{"@type":"PropertyValueSpecification","valueRequired":true,"valueName":"search_term_string"}}],"inLanguage":"fr-FR"}]}},"uagb_featured_image_src":{"full":["https:\/\/dominiquepotard.com\/wp-content\/uploads\/2022\/11\/travaux-clo-scolan.jpg",2048,1065,false],"thumbnail":["https:\/\/dominiquepotard.com\/wp-content\/uploads\/2022\/11\/travaux-clo-scolan-150x150.jpg",150,150,true],"medium":["https:\/\/dominiquepotard.com\/wp-content\/uploads\/2022\/11\/travaux-clo-scolan-300x156.jpg",300,156,true],"medium_large":["https:\/\/dominiquepotard.com\/wp-content\/uploads\/2022\/11\/travaux-clo-scolan-768x399.jpg",768,399,true],"large":["https:\/\/dominiquepotard.com\/wp-content\/uploads\/2022\/11\/travaux-clo-scolan-1024x533.jpg",1024,533,true],"post-slider-thumb-size":["https:\/\/dominiquepotard.com\/wp-content\/uploads\/2022\/11\/travaux-clo-scolan.jpg",330,172,false],"1536x1536":["https:\/\/dominiquepotard.com\/wp-content\/uploads\/2022\/11\/travaux-clo-scolan-1536x799.jpg",1536,799,true],"2048x2048":["https:\/\/dominiquepotard.com\/wp-content\/uploads\/2022\/11\/travaux-clo-scolan.jpg",2048,1065,false],"botiga-extra-large":["https:\/\/dominiquepotard.com\/wp-content\/uploads\/2022\/11\/travaux-clo-scolan.jpg",1140,593,false],"botiga-large":["https:\/\/dominiquepotard.com\/wp-content\/uploads\/2022\/11\/travaux-clo-scolan.jpg",920,478,false],"botiga-big":["https:\/\/dominiquepotard.com\/wp-content\/uploads\/2022\/11\/travaux-clo-scolan.jpg",575,299,false],"botiga-medium":["https:\/\/dominiquepotard.com\/wp-content\/uploads\/2022\/11\/travaux-clo-scolan.jpg",380,198,false],"woocommerce_thumbnail":["https:\/\/dominiquepotard.com\/wp-content\/uploads\/2022\/11\/travaux-clo-scolan-420x420.jpg",420,420,true],"woocommerce_single":["https:\/\/dominiquepotard.com\/wp-content\/uploads\/2022\/11\/travaux-clo-scolan-800x416.jpg",800,416,true],"woocommerce_gallery_thumbnail":["https:\/\/dominiquepotard.com\/wp-content\/uploads\/2022\/11\/travaux-clo-scolan-100x100.jpg",100,100,true]},"uagb_author_info":{"display_name":"dominip1957","author_link":"https:\/\/dominiquepotard.com\/index.php\/author\/dominip1957\/"},"uagb_comment_info":0,"uagb_excerpt":"Le regarde de Clo scolan, Po\u00e8te, Auteur Empreintes&nbsp;La lune&nbsp; le soleil la terreSe donnent rendez-vous sur nos jambes guerri\u00e8resAlors \u00e0 nous le monde nos r\u00eaves et nos lumi\u00e8res&nbsp;Il y a [&hellip;]","_links":{"self":[{"href":"https:\/\/dominiquepotard.com\/index.php\/wp-json\/wp\/v2\/pages\/400","targetHints":{"allow":["GET"]}}],"collection":[{"href":"https:\/\/dominiquepotard.com\/index.php\/wp-json\/wp\/v2\/pages"}],"about":[{"href":"https:\/\/dominiquepotard.com\/index.php\/wp-json\/wp\/v2\/types\/page"}],"author":[{"embeddable":true,"href":"https:\/\/dominiquepotard.com\/index.php\/wp-json\/wp\/v2\/users\/1"}],"replies":[{"embeddable":true,"href":"https:\/\/dominiquepotard.com\/index.php\/wp-json\/wp\/v2\/comments?post=400"}],"version-history":[{"count":4,"href":"https:\/\/dominiquepotard.com\/index.php\/wp-json\/wp\/v2\/pages\/400\/revisions"}],"predecessor-version":[{"id":597,"href":"https:\/\/dominiquepotard.com\/index.php\/wp-json\/wp\/v2\/pages\/400\/revisions\/597"}],"wp:featuredmedia":[{"embeddable":true,"href":"https:\/\/dominiquepotard.com\/index.php\/wp-json\/wp\/v2\/media\/403"}],"wp:attachment":[{"href":"https:\/\/dominiquepotard.com\/index.php\/wp-json\/wp\/v2\/media?parent=400"}],"curies":[{"name":"wp","href":"https:\/\/api.w.org\/{rel}","templated":true}]}}